y s(13)?
17
What is the remainder when 272 is divided by 486/9 - (2 + -4)?
48
Let h = -6 + 22. Suppose -98 - 37 = 3*c. Let f = 0 - c. Calculate the remainder when f is divided by h.
13
Let x be (-4)/6*(10 + -22). Suppose -4*j = -5*h + 165, h - 14 - x = 3*j. Calculate the remainder when h is divided by 10.
7
Suppose 5*r - 85 = -t, -39*r = -44*r - 10. Calculate the remainder when 378 is divided by t.
93
Let k = -2 - -2. Suppose -c + 5*c - 4 = -4*l, -c - 2*l - 3 = k. Calculate the remainder when (-30)/(2 - 8) + 10 is divided by c.
0
Suppose 4*t = r - 2*r - 1, 0 = -4*t. What is the remainder when (r - -5)/((-2)/(-6)) is divided by (-4)/(-14) - (-376)/56?
5
Let y(b) = -b**2 + 22*b - 12. Calculate the remainder when y(14) is divided by 34.
32
Suppose -4*o + 20 = 0, -4*o - 4 = 4*c - 32. Suppose -c = -2*n + 5*s, -n + 4*s = -0 + 2. What is the remainder when 45 is divided by 21 - n/(-9)*3?
22
Let m(z) = -6*z + 21. Calculate the remainder when 62 is divided by m(-1).
8
Suppose -u = 5*d - 0*u - 382, 5*u - 370 = -5*d. Calculate the remainder when d is divided by 32.
13
Suppose -b = -2*m + 45, -2*m = 3*m - 2*b - 110. Let q = -81 + 235. Calculate the remainder when ((-10)/20)/(307/q + -2) is divided by m.
17
Let i(q) = 4*q**2 - 7*q + 1. Let x(m) = -m**2. Let p(b) = -i(b) - 6*x(b). Calculate the remainder when p(-5) is divided by (-4 + 2 + -3)*-1.
4
Suppose -5*y + 315 = -z, -z - 5 + 10 = 0. What is the remainder when 189 is divided by y?
61
Suppose -f - 11 = -21. What is the remainder when 68 is divided by f?
8
Let o = -56 - -279. Calculate the remainder when o is divided by 16.
15
Suppose -38*y + 4669 = -2893. What is the remainder when y is divided by 56?
31
Calculate the remainder when (-1)/(2*7/14) + 200 is divided by 20.
19
Let q(p) = -2*p**2 + 8*p - 3. Let o = -3 + 6. Let a be q(o). What is the remainder when ((-22)/a)/((-1)/3) is divided by 6?
4
Let z(l) = 5*l**2 + l - 10*l + 6*l - 6*l - 5 + l**3. What is the remainder when 25 is divided by z(-6)?
12
Suppose -23*y + 37*y = 8834. What is the remainder when y is divided by 127?
123
Let s = -38 + 43. Let f = 58 - 36. Calculate the remainder when f is divided by s.
2
Suppose -5*z - 4*o = -196, z + 6*o - 56 = o. Suppose -4*h = -4*r + 3*r + 37, -3*r = 3*h - z. What is the remainder when 118 is divided by r?
16
What is the remainder when 71 is divided by 6/21 - 4000/(-112)?
35
Suppose 8*r - 5*r + z = 326, -5*z + 322 = 3*r. Calculate the remainder when r is divided by 11.
10
Suppose 19 = 4*h - 9. Suppose -x - h*x = -144. Calculate the remainder when 159 is divided by x.
15
Suppose 8 = w - 2*c - 3, -w = -c - 9. Let j = w - 3. Calculate the remainder when (-2)/9 - (-56)/9 is divided by j.
2
Suppose -6*l = 75 + 3. Let a(h) = h**3 + 12*h**2 - 14*h + 14. What is the remainder when 51 is divided by a(l)?
24
Let r be ((-10)/(-40))/((-1)/(-16)). Suppose 4*m = -3*j + 228, -r*m = -3*m + 5*j - 74. What is the remainder when m is divided by 14?
12
Suppose 90 = 16*g - 7*g. Suppose 2*u - 3*u = -37. What is the remainder when u is divided by g?
7
Let s be 105 + -1 + (-9)/((-18)/(-4)). Let r = s + -84. What is the remainder when 251 is divided by r?
17
Suppose 0 = -3*g + 113 + 73. Calculate the remainder when g is divided by 14.
6
Suppose -3*m + 45 = -60. Suppose m + 160 = 5*g. Suppose 0 = 3*r - g - 42. What is the remainder when r is divided by 6?
3
Let d be (-8)/12 + 4/6. Suppose d = 4*r - 4, -2*s + 2*r = -4*s + 10. Calculate the remainder when 12 is divided by s.
0
Let i = 5 + 6. What is the remainder when i is divided by 6 + -2 - (-2 - -2)?
3
Suppose 330*j + 188 = 334*j. Calculate the remainder when 1221 is divided by j.
46
Let j = 1725 + -1607. Let x = 23 - 16. Calculate the remainder when j is divided by x.
6
Suppose 2*w - 6*w = -4. Let x = 20 - 18. Suppose x*o + 1 = 3. What is the remainder when o is divided by w?
0
Let t be (-1 + 1)/((-3)/3). Suppose t = -0*s + 3*s - 42. Calculate the remainder when 40 is divided by s.
12
Let w = -327 - -338. Calculate the remainder when 162/8 + 1/(-4) is divided by w.
9
Let t = -28 + 31. Suppose -84 = -3*a - 3*w, -43 - 8 = -2*a - w. Calculate the remainder when a is divided by t.
2
Let h(s) = -7*s**2 + 12*s + 4. Let x(n) = 6*n**2 - 11*n - 4. Let g(r) = 5*h(r) + 6*x(r). What is the remainder when 22 is divided by g(8)?
10
Let u be (2 + (-16)/24)*3/2. Let i = 196 - 97. Suppose -u*l + i - 15 = 0. What is the remainder when l is divided by 15?
12
Let n be 22/4*(-2 - -4). Suppose -5*w - 258 = -n*w. Calculate the remainder when w is divided by 15.
13
Let d be (8/(-6))/(-1 - (-5)/3). What is the remainder when (d/(-3))/(6/27) + 52 is divided by 20?
15
Let s be 2*(-4)/8*-1. Let m(k) = -6*k**2 + 3*k - 2. Let f be m(s). Let z = f + 12. Calculate the remainder when 11 is divided by z.
4
Let u be 3*4/(-24)*2. Let q = u - -4. What is the remainder when q is divided by 1?
0
Let g(s) = -s**3 + 11*s**2 + 4*s - 109. What is the remainder when 127 is divided by g(10)?
3
Let q(c) = 3*c**2 - 3*c + 6. Let s be q(4). Suppose -g - 5*o = 5, -3*g - 4*o + s - 13 = 0. What is the remainder when 25 is divided by g?
10
Let z = 296 - 276. Calculate the remainder when 1997 is divided by z.
17
Suppose 22*w = 27*w - 280. What is the remainder when 152 is divided by w?
40
Let c be (-511 + 15/(-5))/1. Let n = 727 + c. What is the remainder when n is divided by 36?
33
Calculate the remainder when 285 is divided by 6 - (-1 + 10) - -13.
5
Suppose 17*j = -7*j + 240. Calculate the remainder when j is divided by 1.
0
Suppose 0 = -2*t + 5*v - 22 - 22, -4 = -t - 4*v. Calculate the remainder when 618/t*(0 + -2) is divided by 35.
33
Let f be (0 - -1)/((-7)/(-28)). Suppose -m + f = -9. Calculate the remainder when m is divided by 32/5 + (-2)/5.
1
Let c = -1357 + 2090. What is the remainder when c is divided by 49?
47
Let q(r) = r**3 - 3*r**2 + 6*r - 25. What is the remainder when q(5) is divided by 13?
3
Suppose -5*k + b + 22 = 0, -10*b = 3*k - 14*b - 3. What is the remainder when 56 is divided by k?
1
Suppose 4*o = 162 - 58. Suppose o*r + 40 = 30*r. Calculate the remainder when r is divided by 6.
4
What is the remainder when 74 is divided by 774/30 + 1/(4 + 1)?
22
Let l(g) = g + 12. Let b be (-24)/(-11) - (-10)/(-55). Suppose c - 15 = -b*c. What is the remainder when l(0) is divided by c?
2
Suppose 28*f = -53*f + 15957. Calculate the remainder when f is divided by 1.
0
Let v = 254 - 230. Calculate the remainder when 258 is divided by v.
18
Suppose 0*v - 26 = v - 2*j, j - 103 = 5*v. Let m be 0 + 3 + -2 - v. Suppose -4*n + 117 = m. Calculate the remainder when 70 is divided by n.
22
Let u(o) = 43*o + 214. What is the remainder when u(-4) is divided by 32?
10
Calculate the remainder when 465*((-6)/5)/(-6) is divided by 12.
9
Let k(r) = -10*r**3 - 2*r**2 - 4. Let b be k(-3). Suppose 766 = 4*u + 178. Let f = b - u. Calculate the remainder when f is divided by 26.
23
Suppose 2*b + 2*o = -0*b - 16, -28 = 4*b + 2*o. Let y(h) be the first derivative of -2*h**2 + 18*h + 10. Calculate the remainder when y(b) is divided by 11.
9
Suppose -109*s - 12 = -q - 108*s, -3*q = -2*s - 35. What is the remainder when 1032 is divided by q?
9
Suppose 639 = 180*q - 109*q. Suppose 0 = r + 4*r - 210. What is the remainder when r is divided by q?
6
Let t = 6 + -3. Suppose -t*z + 4 = 2*j + 3, -5*z + 35 = -5*j. Let o(g) = -5*g + 5. What is the remainder when o(j) is divided by 13?
12
Let v = 87 - 77. Calculate the remainder when 163 is divided by v.
3
Let h = 24 + 270. Suppose 0 = -3*y + 2*j + 74 + 164, -4*y - 2*j = -h. Suppose y = -6*p + 10*p. What is the remainder when 75 is divided by p?
18
Suppose -10 = 3*o - 8*o, -o + 5402 = 4*v. What is the remainder when v is divided by 13?
11
Let g = -33 + 17. Suppose -41 - 57 = -2*i. Calculate the remainder when i is divided by (g - 1)*(-1 + 0).
15
Let o(t) = 2*t + 42. What is the remainder when 54 is divided by o(-19)?
2
Suppose 0 = -73*j + 862 - 205. Let s(w) = w. Let o be s(4). Suppose o*n - 37 - 19 = 0. What is the remainder when n is divided by j?
5
Let t(a) = a**3 + 12*a**2 - 14*a + 20. Calculate the remainder when t(-13) is divided by 18.
15
Let p = 110 - -6. What is the remainder when p is divided by 39?
38
Let i(c) be the second derivative of c**4/3 - c**3/2 - 6*c**2 - 7*c. Calculate the remainder whe